{"id":333,"date":"2023-03-15T16:21:12","date_gmt":"2023-03-15T15:21:12","guid":{"rendered":"https:\/\/www4.fiskeback.com\/konfa\/?page_id=333"},"modified":"2026-03-13T09:53:32","modified_gmt":"2026-03-13T08:53:32","slug":"lager","status":"publish","type":"page","link":"https:\/\/www4.fiskeback.com\/konfa\/lager\/","title":{"rendered":"L\u00e4ger"},"content":{"rendered":"<p>Den 6-10 april drar vi p\u00e5 konfa-l\u00e4ger till Sundsviksg\u00e5rden.<br \/>\nF\u00f6r\u00e4ldrar k\u00f6r dit, ankomst kl 14.00. Sam\u00e5k g\u00e4rna!<\/p>\n<p>Adress:<br \/>\nSundsviksg\u00e5rden Uddevalla<br \/>\n451 77 Sund<\/p>\n\n<p>P\u00e5 hemv\u00e4gen \u00e5ker vi buss tillbaka till kyrkan i Fiskeb\u00e4ck, ankomst ca 12.15.<\/p>\n\n<p>P\u00e5 l\u00e4gret kommer vi l\u00e4ra k\u00e4nna varandra, leka lekar, ha andakter, \u00e4ta god mat, lyssna p\u00e5 undervisning och bara ha det allm\u00e4nt g\u00f6tt! Och kanske ta ett uppfriskande dopp f\u00f6r den som v\u00e5gar och vill om v\u00e4dret till\u00e5ter?<\/p>\n\n<p><strong>TIPS P\u00c5 PACKLISTA:<\/strong><\/p>\n<ul>\n<li>S\u00e4ngkl\u00e4der &#8211; p\u00e5slakan, underlakan och \u00f6rngott (Kudde och t\u00e4cke finns i alla s\u00e4ngar)<\/li>\n<li>Din Bibel<\/li>\n<li>Anteckningsblock och penna<\/li>\n<li>O\u00f6mma kl\u00e4der f\u00f6r ute-lekar<\/li>\n<li>Badkl\u00e4der &amp; handduk<\/li>\n<li>Toalettartiklar och dusch-handduk<\/li>\n<li>Innetofflor (det \u00e4r kallt p\u00e5 golvet)<\/li>\n<li>Godis som r\u00e4cker hela veckan<\/li>\n<\/ul>\n\n<p>P\u00e5 l\u00e4gret kommer mobiler samlas in varje morgon, och ges tillbaka vid sovdags, ca 23.00.<\/p>\n<p>&#8212;&#8212;&#8212;&#8212;&#8212;&#8212;&#8212;&#8212;&#8212;&#8212;&#8212;&#8212;&#8212;&#8212;&#8212;&#8212;&#8212;&#8212;&#8212;&#8212;&#8212;&#8212;&#8212;&#8212;&#8212;&#8212;&#8212;&#8212;&#8212;&#8212;&#8212;&#8212;&#8212;&#8212;&#8212;-<\/p>\n<p>Ta inte med:<br \/>\n* H\u00f6gtalare<br \/>\n* Sm\u00e4llare eller liknande<br \/>\n* Energidryck, tobak eller alkohol<\/p>\n<p><em>Om man inte f\u00f6ljer l\u00e4grets regler s\u00e5 blir det samtal hem och eventuellt hemskickning d\u00e5 f\u00f6r\u00e4ldrar f\u00e5r h\u00e4mta omedelbart.<\/em><\/p>\n","protected":false},"excerpt":{"rendered":"<p>Den 6-10 april drar vi p\u00e5 konfa-l\u00e4ger till Sundsviksg\u00e5rden. F\u00f6r\u00e4ldrar k\u00f6r dit, ankomst kl 14.00. Sam\u00e5k g\u00e4rna! Adress: Sundsviksg\u00e5rden Uddevalla 451 77 Sund P\u00e5 hemv\u00e4gen \u00e5ker vi buss tillbaka till kyrkan i Fiskeb\u00e4ck, ankomst ca 12.15. P\u00e5 l\u00e4gret kommer vi l\u00e4ra k\u00e4nna varandra, leka lekar, ha andakter, \u00e4ta god mat, lyssna p\u00e5 undervisning och bara [&hellip;]<\/p>\n","protected":false},"author":32,"featured_media":532,"parent":0,"menu_order":0,"comment_status":"closed","ping_status":"closed","template":"","meta":{"footnotes":""},"class_list":["post-333","page","type-page","status-publish","has-post-thumbnail","hentry"],"_links":{"self":[{"href":"https:\/\/www4.fiskeback.com\/konfa\/wp-json\/wp\/v2\/pages\/333"}],"collection":[{"href":"https:\/\/www4.fiskeback.com\/konfa\/wp-json\/wp\/v2\/pages"}],"about":[{"href":"https:\/\/www4.fiskeback.com\/konfa\/wp-json\/wp\/v2\/types\/page"}],"author":[{"embeddable":true,"href":"https:\/\/www4.fiskeback.com\/konfa\/wp-json\/wp\/v2\/users\/32"}],"replies":[{"embeddable":true,"href":"https:\/\/www4.fiskeback.com\/konfa\/wp-json\/wp\/v2\/comments?post=333"}],"version-history":[{"count":45,"href":"https:\/\/www4.fiskeback.com\/konfa\/wp-json\/wp\/v2\/pages\/333\/revisions"}],"predecessor-version":[{"id":556,"href":"https:\/\/www4.fiskeback.com\/konfa\/wp-json\/wp\/v2\/pages\/333\/revisions\/556"}],"wp:featuredmedia":[{"embeddable":true,"href":"https:\/\/www4.fiskeback.com\/konfa\/wp-json\/wp\/v2\/media\/532"}],"wp:attachment":[{"href":"https:\/\/www4.fiskeback.com\/konfa\/wp-json\/wp\/v2\/media?parent=333"}],"curies":[{"name":"wp","href":"https:\/\/api.w.org\/{rel}","templated":true}]}}