{"id":346,"date":"2023-03-15T16:59:58","date_gmt":"2023-03-15T15:59:58","guid":{"rendered":"https:\/\/www4.fiskeback.com\/konfa\/?page_id=346"},"modified":"2025-09-11T10:10:53","modified_gmt":"2025-09-11T08:10:53","slug":"fika-lista","status":"publish","type":"page","link":"https:\/\/www4.fiskeback.com\/konfa\/fika-lista\/","title":{"rendered":"Fika-lista"},"content":{"rendered":"<p>Vi hj\u00e4lps \u00e5t att ordna fika till varje onsdag. D\u00e4rf\u00f6r tilldelas varje konfirmand en vecka att ansvara f\u00f6r fikat. Det kan vara hembakat eller k\u00f6pt, det g\u00e5r bra vilket som! (S\u00e5 l\u00e4nge det \u00e4r s\u00f6tt brukar det mesta uppskattas)<\/p>\n<h2 style=\"text-align: left\"><strong>FIKA-LISTA 2025<\/strong><\/h2>\n<p>v.36 UPPSTART, ledare fixar fika<\/p>\n<p>v.35 Agnes S<\/p>\n<p>v.37 Sam N &amp; Simon W<\/p>\n<p>v.38 Olle A<\/p>\n<p>v.39 Noah B<\/p>\n<p>v.40 William S<\/p>\n<p>v.41 Adrian G<\/p>\n<p>v.42 Daniella F &amp; Bella E<\/p>\n<p>v.43 Elsa H<\/p>\n<p>v.44 H\u00d6STLOV<\/p>\n<p>v.45 Ellen S<\/p>\n<p>v.46 Linnea R<\/p>\n<p>v.47 Oscar B &amp; Nelson S<\/p>\n<p>v.48 Bruno K<\/p>\n<p>v.49 Hugo A<\/p>\n<p>v.50 Liv S<\/p>\n<p>v.51 TERMINSAVSLUTNING<\/p>\n<p>&#8212;&#8212;&#8212;&#8212;&#8212;&#8212;&#8212;&#8212;&#8212;&#8212;&#8212;&#8212;&#8212;&#8212;&#8212;&#8212;&#8212;&#8212;&#8212;&#8212;&#8212;&#8212;&#8212;&#8212;&#8212;&#8212;&#8212;&#8212;<\/p>\n<p>v. 3 TERMINSSTART (l\u00f6rdag 17\/1)<\/p>\n<p>v.4 Kajsa S<\/p>\n<p>v.5 Lisen F<\/p>\n<p>v.6 Sojo V<\/p>\n<p>v.7 SPORTLOV<\/p>\n<p>v.8 Klara P<\/p>\n<p>v.9 Abbe E<\/p>\n<p>v.10 Ivar B<\/p>\n<p>v.11 Algot L<\/p>\n<p>v.12 Noel S<\/p>\n<p>v.13 Sally H &amp; Alice H<\/p>\n<p>v.14 Ture K &amp; Jonah K<\/p>\n<p>v.15 KONFA-L\u00c4GER<\/p>\n<p>v.16 Alice F<\/p>\n<p>v.17 Samuel P &amp; Nils-Gustav BD<\/p>\n<p>v.18 Julia H &amp; Viola B<\/p>\n<p>v.19 \u00a0Ingrid K &amp; Vivanne \u00c5<\/p>\n<p>v.20 KONFA-FEST<\/p>\n<p>v.21 \u00d6VNING KONFIRMATIONSAVSLUTNING<\/p>\n\n\n\n\n\n<p style=\"text-align: left\">\n","protected":false},"excerpt":{"rendered":"<p>Vi hj\u00e4lps \u00e5t att ordna fika till varje onsdag. D\u00e4rf\u00f6r tilldelas varje konfirmand en vecka att ansvara f\u00f6r fikat. Det kan vara hembakat eller k\u00f6pt, det g\u00e5r bra vilket som! (S\u00e5 l\u00e4nge det \u00e4r s\u00f6tt brukar det mesta uppskattas) FIKA-LISTA 2025 v.36 UPPSTART, ledare fixar fika v.35 Agnes S v.37 Sam N &amp; Simon W [&hellip;]<\/p>\n","protected":false},"author":32,"featured_media":0,"parent":0,"menu_order":0,"comment_status":"closed","ping_status":"closed","template":"","meta":{"footnotes":""},"class_list":["post-346","page","type-page","status-publish","hentry"],"_links":{"self":[{"href":"https:\/\/www4.fiskeback.com\/konfa\/wp-json\/wp\/v2\/pages\/346"}],"collection":[{"href":"https:\/\/www4.fiskeback.com\/konfa\/wp-json\/wp\/v2\/pages"}],"about":[{"href":"https:\/\/www4.fiskeback.com\/konfa\/wp-json\/wp\/v2\/types\/page"}],"author":[{"embeddable":true,"href":"https:\/\/www4.fiskeback.com\/konfa\/wp-json\/wp\/v2\/users\/32"}],"replies":[{"embeddable":true,"href":"https:\/\/www4.fiskeback.com\/konfa\/wp-json\/wp\/v2\/comments?post=346"}],"version-history":[{"count":20,"href":"https:\/\/www4.fiskeback.com\/konfa\/wp-json\/wp\/v2\/pages\/346\/revisions"}],"predecessor-version":[{"id":534,"href":"https:\/\/www4.fiskeback.com\/konfa\/wp-json\/wp\/v2\/pages\/346\/revisions\/534"}],"wp:attachment":[{"href":"https:\/\/www4.fiskeback.com\/konfa\/wp-json\/wp\/v2\/media?parent=346"}],"curies":[{"name":"wp","href":"https:\/\/api.w.org\/{rel}","templated":true}]}}