{"id":7,"date":"2015-10-26T22:28:10","date_gmt":"2015-10-26T21:28:10","guid":{"rendered":"http:\/\/www4.fiskeback.com\/konfa\/?page_id=7"},"modified":"2026-03-13T09:59:22","modified_gmt":"2026-03-13T08:59:22","slug":"konfirmationsgudstjanst","status":"publish","type":"page","link":"https:\/\/www4.fiskeback.com\/konfa\/konfirmationsgudstjanst\/","title":{"rendered":"Konfirmationsgudstj\u00e4nst 2026"},"content":{"rendered":"<p>Den 24\/5 firar vi konfirmationsh\u00f6gtid.<\/p>\n<p>Den kommer vara i Fiskeb\u00e4ckskyrkan, v\u00e5r grannkyrka, p\u00e5 grund av platsbrist i v\u00e5r egna kyrka. Vi vill ju att ni ska f\u00e5 ta med er s\u00e5 m\u00e5nga anh\u00f6riga som m\u00f6jligt till att fira denna dagen tillsammans med er konfirmand!<br \/>\nVarje konfirmand f\u00e5r ta med sig 15 st anh\u00f6riga.<\/p>\n<p>Samling f\u00f6r konfirmander: 13.00 i Fiskeb\u00e4ckskyrkan.<\/p>\n<p>Konfirmationsh\u00f6gtiden startar kl 15.00. Insl\u00e4pp strax innan.<br \/>\nFria platser.<\/p>\n<p>Adress:<br \/>\nAprikosgatan 2<br \/>\n426 56 V\u00e4stra Fr\u00f6lunda<\/p>\n<p>Vi ser fram emot denna festdag!<\/p>\n","protected":false},"excerpt":{"rendered":"<p>Den 24\/5 firar vi konfirmationsh\u00f6gtid. Den kommer vara i Fiskeb\u00e4ckskyrkan, v\u00e5r grannkyrka, p\u00e5 grund av platsbrist i v\u00e5r egna kyrka. Vi vill ju att ni ska f\u00e5 ta med er s\u00e5 m\u00e5nga anh\u00f6riga som m\u00f6jligt till att fira denna dagen tillsammans med er konfirmand! Varje konfirmand f\u00e5r ta med sig 15 st anh\u00f6riga. Samling f\u00f6r [&hellip;]<\/p>\n","protected":false},"author":3,"featured_media":0,"parent":0,"menu_order":0,"comment_status":"closed","ping_status":"closed","template":"","meta":{"footnotes":""},"class_list":["post-7","page","type-page","status-publish","hentry"],"_links":{"self":[{"href":"https:\/\/www4.fiskeback.com\/konfa\/wp-json\/wp\/v2\/pages\/7"}],"collection":[{"href":"https:\/\/www4.fiskeback.com\/konfa\/wp-json\/wp\/v2\/pages"}],"about":[{"href":"https:\/\/www4.fiskeback.com\/konfa\/wp-json\/wp\/v2\/types\/page"}],"author":[{"embeddable":true,"href":"https:\/\/www4.fiskeback.com\/konfa\/wp-json\/wp\/v2\/users\/3"}],"replies":[{"embeddable":true,"href":"https:\/\/www4.fiskeback.com\/konfa\/wp-json\/wp\/v2\/comments?post=7"}],"version-history":[{"count":26,"href":"https:\/\/www4.fiskeback.com\/konfa\/wp-json\/wp\/v2\/pages\/7\/revisions"}],"predecessor-version":[{"id":557,"href":"https:\/\/www4.fiskeback.com\/konfa\/wp-json\/wp\/v2\/pages\/7\/revisions\/557"}],"wp:attachment":[{"href":"https:\/\/www4.fiskeback.com\/konfa\/wp-json\/wp\/v2\/media?parent=7"}],"curies":[{"name":"wp","href":"https:\/\/api.w.org\/{rel}","templated":true}]}}